0
-31
What is -8 (base 15) in base 7?
-11
Convert 3 (base 6) to base 7.
3
13 (base 4) to base 8
7
Convert 12 (base 7) to base 5.
14
Convert 2 (base 14) to base 6.
2
What is -51 (base 10) in base 2?
-110011
What is 17 (base 9) in base 12?
14
320 (base 5) to base 6
221
-15 (base 6) to base 14
-b
Convert -340 (base 7) to base 11.
-14a
-23 (base 4) to base 5
-21
What is 2 (base 9) in base 11?
2
What is 200 (base 3) in base 2?
10010
Convert 9 (base 13) to base 2.
1001
Convert -55 (base 8) to base 4.
-231
What is -4a (base 11) in base 6?
-130
What is -39 (base 10) in base 3?
-1110
What is 50 (base 6) in base 8?
36
Convert -3 (base 13) to base 9.
-3
Convert -1100 (base 4) to base 7.
-143
-371 (base 8) to base 14
-13b
Convert -1 (base 2) to base 11.
-1
What is -13 (base 7) in base 13?
-a
What is 0 (base 3) in base 8?
0
21 (base 3) to base 2
111
Convert -1 (base 13) to base 12.
-1
Convert -a (base 11) to base 15.
-a
-11 (base 3) to base 11
-4
Convert 4b (base 16) to base 15.
50
Convert -1 (base 4) to base 11.
-1
-20 (base 12) to base 4
-120
What is -111 (base 9) in base 5?
-331
-3 (base 8) to base 10
-3
What is 2a (base 15) in base 2?
101000
What is -4 (base 14) in base 15?
-4
What is -9 (base 15) in base 12?
-9
Convert 0 (base 16) to base 2.
0
What is -17 (base 16) in base 12?
-1b
What is -32 (base 10) in base 2?
-100000
What is -11011 (base 2) in base 13?
-21
Convert 7 (base 9) to base 3.
21
-31 (base 6) to base 8
-23
Convert 36 (base 10) to base 4.
210
What is 1 (base 16) in base 7?
1
Convert 223 (base 4) to base 8.
53
What is 1011000 (base 2) in base 9?
107
What is 14 (base 10) in base 6?
22
What is b2 (base 16) in base 11?
152
What is -1 (base 13) in base 12?
-1
-22 (base 5) to base 10
-12
Convert 432 (base 6) to base 8.
244
-2 (base 5) to base 12
-2
Convert -40 (base 5) to base 2.
-10100
What is 6 (base 16) in base 15?
6
Convert 1b (base 16) to base 8.
33
-1 (base 5) to base 15
-1
-16 (base 15) to base 14
-17
What is -3 (base 12) in base 3?
-10
What is -4 (base 14) in base 11?
-4
3 (base 6) to base 2
11
-49 (base 12) to base 3
-2010
-20 (base 5) to base 8
-12
110 (base 9) to base 7
156
What is 2 (base 3) in base 11?
2
Convert -2022 (base 3) to base 16.
-3e
Convert 5 (base 12) to base 14.
5
Convert 205 (base 7) to base 8.
147
Convert -22 (base 11) to base 7.
-33
Convert -17 (base 9) to base 15.
-11
What is -10 (base 7) in base 13?
-7
What is -3 (base 7) in base 14?
-3
What is -4 (base 15) in base 6?
-4
Convert -1 (base 13) to base 11.
-1
Convert 0 (base 12) to base 10.
0
What is -102 (base 9) in base 11?
-76
What is 333 (base 8) in base 9?
263
-c (base 15) to base 10
-12
What is -22 (base 7) in base 9?
-17
1d (base 14) to base 6
43
Convert -10 (base 7) to base 6.
-11
What is 3212 (base 4) in base 5?
1410
Convert 2 (base 7) to base 6.
2
30 (base 14) to base 9
46
Convert 56 (base 13) to base 10.
71
Convert 4c (base 16) to base 4.
1030
What is 2 (base 3) in base 15?
2
-7 (base 16) to base 15
-7
-4 (base 6) to base 13
-4
4 (base 14) to base 13
4
-1210 (base 3) to base 10
-48
Convert 0 (base 4) to base 14.
0
13 (base 13) to base 4
100
-9 (base 12) to base 10
-9
Convert -10230 (base 4) to base 10.
-300
Convert -22 (base 3) to base 4.
-20
Convert 40 (base 10) to base 4.
220
What is -1 (base 10) in base 16?
-1
Convert 1 (base 14) to base 15.
1
What is 14 (base 6) in base 12?
a
Convert -4 (base 6) to base 4.
-10
-21 (base 12) to base 9
-27
-12 (base 15) to base 10
-17
103 (base 9) to base 2
1010100
What is -4 (base 8) in base 4?
-10
-16 (base 7) to base 2
-1101
-7e (base 16) to base 11
-105
Convert -1221 (base 3) to base 14.
-3a
22 (base 13) to base 6
44
Convert -b (base 13) to base 6.
-15
c4 (base 14) to base 7
334
What is -3 (base 5) in base 8?
-3
Convert -101100 (base 2) to base 5.
-134
What is -103 (base 6) in base 8?
-47
-6d (base 14) to base 13
-76
32 (base 5) to base 16
11
1013 (base 4) to base 8
107
91 (base 10) to base 13
70
What is 37 (base 11) in base 3?
1111
What is 201 (base 4) in base 13?
27
What is -7 (base 12) in base 14?
-7
5 (base 12) to base 10
5
What is 13 (base 15) in base 2?
10010
-1010111 (base 2) to base 7
-153
What is -12 (base 6) in base 4?
-20
1b (base 13) to base 3
220
What is 15 (base 7) in base 11?
11
What is -10 (base 3) in base 8?
-3
What is 0 (base 13) in base 6?
0
Convert -13 (base 5) to base 8.
-10
Convert -2 (base 8) to base 4.
-2
Convert -51 (base 14) to base 11.
-65
What is -5 (base 9) in base 8?
-5
33 (base 14) to base 10
45
Convert 18 (base 15) to base 3.
212
What is d6 (base 14) in base 8?
274
What is -10 (base 5) in base 4?
-11
Convert -6 (base 11) to base 6.
-10
-10 (base 15) to base 3
-120
Convert -30 (base 15) to base 9.
-50
-11120 (base 3) to base 6
-323
What is 1d0 (base 14) in base 4?
11322
What is -5 (base 14) in base 2?
-101
Convert 13 (base 15) to base 13.
15
What is 6 (base 12) in base 3?
20
10 (base 3) to base 15
3
119 (base 11) to base 5
1031
2 (base 9) to base 12
2
Convert -21 (base 13) to base 14.
-1d
What is 1 (base 15) in base 6?
1
Convert -200 (base 9) to base 16.
-a2
-110 (base 9) to base 4
-1122
What is -20 (base 15) in base 6?
-50
-3 (base 14) to base 11
-3
Convert -176 (base 13) to base 8.
-412
Convert -14 (base 5) to base 15.
-9
What is -330 (base 8) in base 15?
-e6
3 (base 9) to base 16
3
13 (base 12) to base 9
16
Convert 2120 (base 3) to base 13.
54
What is -2 (base 12) in base 7?
-2
1 (base 4) to base 6
1
4 (base 14) to base 4
10
What is b (base 13) in base 6?
15
Convert 3 (base 5) to base 2.
11
5 (base 10) to base 14
5
What is 104 (base 5) in base 16?
1d
What is -6 (base 16) in base 6?
-10
What is -4 (base 6) in base 5?
-4
What is -2011 (base 4) in base 2?
-10000101
What is 1 (base 7) in base 9?
1
Convert -1 (base 13) to base 2.
-1
Convert -10201 (base 3) to base 5.
-400
-60 (base 11) to base 9
-73
What is 4 (base 16) in base 9?
4
-3 (base 10) to base 9
-3
What is 3d (base 14) in base 9?
61
Convert 2 (base 10) to base 13.
2
Convert 3 (base 9) to base 14.
3
What is 17 (base 8) in base 6?
23
What is 2 (base 3) in base 10?
2
Convert 8 (base 14) to base 5.
13
-10 (base 9) to base 2
-1001
Convert 1 (base 16) to base 5.
1
What is 2 (base 10) in base 8?
2
What is -21 (base 14) in base 5?
-104
What is 34 (base 6) in base 13?
19
What is 0 (base 6) in base 5?
0
Convert 1 (base 2) to base 7.
1
Convert 18 (base 12) to base 4.
110
1222 (base 3) to base 2
110101
Convert 0 (base 6) to base 2.
0
260 (base 11) to base 4
10310
Convert 10331 (base 4) to base 7.
632
Convert -6 (base 11) to base 10.
-6
What is -21 (base 8) in base 13?
-14
What is -40 (base 9) in base 2?
-100100
Convert 0 (base 13) to base 12.
0
a (base 15) to base 6
14
Convert 2 (base 14) to base 3.
2
-25 (base 6) to base 10
-17
Convert 104 (base 9) to base 6.
221
-11 (base 9) to base 5
-20
What is 2 (base 13) in base 7?
2
Convert 4 (base 6) to base 5.
4
-10 (base 9) to base 11
-9
-16 (base 16) to base 7
-31
Convert -4 (base 8) to base 4.
-10
What is -6 (base 11) in base 13?
-6
23 (base 4) to base 5
21
What is -3 (base 14) in base 5?
-3
305 (base 6) to base 12
95
What is 9 (base 16) in base 9?
10
What is -3 (base 4) in base 12?
-3
Convert 182 (base 9) to base 2.
10011011
Convert 432 (base 7) to base 15.
e9
What is -2 (base 11) in base 5?
-2
Convert -1000110 (base 2) to base 10.
-70
Convert -4a (base 11) to base 12.
-46
9 (base 13) to base 6
13
Convert 3 (base 11) to base 12.
3
What is -124 (base 5) in base 13?
-30
What is 11 (base 2) in base 4?
3
What is 2 (base 9) in base 14?
2
-e (base 15) to base 5
-24
What is 4 (base 9) in base 15?
4
3 (base 4) to base 10
3
Convert 15 (base 7) to base 10.
12
Convert -238 (base 9) to base 4.
-3011
What is 0 (base 7) in base 11?
0
What is -17 (base 10) in base 12?
-15
Convert 116 (base 11) to base 13.
a8
Convert 1 (base 5) to base 14.
1
5c (base 16) to base 3
10102
0 (base 3) to base 16
0
Convert -13 (base 5) to base 11.
-8
Convert 20 (base 4) to base 8.
10
-10101 (base 2) to base 3
-210
Convert -218 (base 9) to base 11.
-153
Convert -17 (base 9) to base 14.
-12
What is 111 (base 4) in base 12?
19
What is -7 (base 10) in base 5?
-12
-98 (base 11) to base 4
-1223
Convert 2 (base 15) to base 12.
2
What is 1d (base 15) in base 13?
22
What is 0 (base 5) in base 7?
0
Convert -104 (base 8) to base 5.
-233
Con